 - 81970 = -8799. Is f a prime number?
False
Suppose 4*w = -173 + 169. Is w/((-6)/(-468)*-3) a composite number?
True
Suppose -1 = 3*r - 19. Suppose -r*n + 12*n = 84. Let w(c) = -c**3 + 22*c**2 + 26*c + 19. Is w(n) a prime number?
True
Let t(p) = 4*p**3 - 131*p**2 - 837*p + 11. Is t(46) composite?
True
Let a = 5 - 5. Suppose a = -5*b - f - f - 1143, 0 = 4*b + 3*f + 920. Let c = 486 + b. Is c a prime number?
False
Let z be 36/12 + 2/(-2 - -3). Is ((-3805)/(-3))/((-2)/((-30)/z)) prime?
False
Let x(o) = -85*o + 6. Let b(a) = 1276*a - 88. Let u(f) = 3*b(f) + 44*x(f). Let s be u(-1). Let w = s - -201. Is w composite?
False
Suppose -3*f = -3*m + 66288, 15 = -5*f + 8*f. Suppose c = 4*j + m, 3*c + 2*j = 59281 + 7036. Is c a prime number?
False
Let v be (-23)/(-6) + 2/12. Suppose v*m = 4*t + 4, -4*t = -0*t + 4*m - 36. Suppose 2*h - 15108 = -t*w, -h + 3916 - 141 = w. Is w a composite number?
False
Let u = 3814498 + -2522667. Is u prime?
True
Let n = 553 + -30. Let u = 818 - n. Is u composite?
True
Let v be (-2)/(-12) - 191/(-6). Suppose o + v = 38. Is 17/(668/492 + (-8)/o) composite?
True
Suppose 2*f + f + 5*c - 155 = 0, -c = -2*f + 125. Let j = f + -55. Suppose -j*m = -5*l - 2885, -2*l + 12 = l. Is m prime?
False
Let m(y) = -5*y**3 + 20*y**2 + 54*y + 49. Let t(p) = 14*p**3 - 61*p**2 - 163*p - 147. Let u(a) = -17*m(a) - 6*t(a). Is u(-18) composite?
True
Let g(h) = 379*h + 41. Let d be g(28). Suppose 4*a + d = 3*m, 3*m - 5*a = 2*m + 3551. Is m a composite number?
True
Let s = 234316 - -101671. Is s prime?
False
Let o = -385164 - -647551. Is o a prime number?
True
Let x = 185 + 1808. Let p = 324 + x. Is p composite?
True
Let a be 2/4*20/(1 + 4). Suppose 5*g = -4*c + 42206, -a*g = -2*c - g + 21110. Suppose 8*r - 4942 - c = 0. Is r composite?
True
Let l(x) be the third derivative of 7*x**6/120 + x**5/60 + 5*x**4/24 - 7*x**3/3 - 2*x**2. Let m = -4097 - -4100. Is l(m) a composite number?
False
Suppose 7*v + 117177 = 516058. Is v a composite number?
False
Let k = 289219 - 185670. Is k composite?
False
Let m(h) = 3*h**2 + 12*h + 8. Let a be m(-3). Is ((-637)/(-4) - a)/(10/40) composite?
False
Suppose -4*u = 5*q - 4386717, -4*q = -u - 0*q + 1096653. Is u a composite number?
False
Suppose -216187 = -8*y + 335469. Is y a composite number?
True
Suppose -28*i = -32*i + 28. Suppose -2*u - 16 = -4*s, -2*s + i*s = 2*u + 21. Is 23*28 + (s - 2) prime?
True
Let k(o) = -283*o**3 - 93*o**2 - 391*o - 7. Is k(-4) prime?
True
Let s be -5*(4 - 3) - -19. Suppose 4*l - 26658 = -s*l. Is l a prime number?
True
Suppose -1466595 - 737871 = -5*d + c, -4*d = -5*c - 1763577. Is d composite?
False
Suppose -6*z = -11*z + 15. Suppose -m - 219 - 411 = -4*a, z*a - 469 = -m. Is a composite?
False
Let l = 42725 - 20320. Is l composite?
True
Let q(v) be the first derivative of 3147*v**2 + 19*v - 28. Is q(4) composite?
True
Let b(f) = -23*f - 31. Suppose g + 1810 = 6*g + 2*l, -g + 5*l + 389 = 0. Suppose -g = 10*w + 3*w. Is b(w) prime?
True
Let h(b) be the third derivative of 37*b**4/6 + 43*b**3/6 - 37*b**2. Let y(p) = -1. Let c(r) = -h(r) - 6*y(r). Is c(-8) a composite number?
True
Let z be -2 + (-26)/14 + (-22)/154. Let j(w) = -120*w**3 - 4*w**2 + 43*w + 163. Is j(z) prime?
True
Let i(p) = 3*p**2 + 2*p. Let t(v) = -2*v. Let x be t(-1). Let k be (-12)/(2 + 2) - x. Is i(k) composite?
True
Is (19 - -116008) + (-1 - -2 - 70/14) a composite number?
True
Let j(r) = r**3 + 10*r**2 + 10*r - 17. Let n be j(-8). Suppose 18*s + 540527 = n*s. Is s a prime number?
True
Let p = 115 + -60. Let d = p - 38. Let h = d + 938. Is h a composite number?
True
Let g(h) = 2*h**2 - 2*h + 3*h - 46*h**3 + 0*h**2 + 6389 + 45*h**3. Is g(0) a prime number?
True
Suppose 0*i = -4*i - t + 47573, 35678 = 3*i - t. Suppose 3*b = j - 2336, -5*j - 4*b - 232 = -i. Is j a prime number?
True
Let k = 15522 - -23471. Is k composite?
False
Suppose -1505 = -5*u - 5*h, -u + 2*h + 33 = -259. Let c = u + -200. Is 2*c/4*1 prime?
False
Let h be (10 + (-33)/2)*(-1 + -5). Suppose -48*y = -h*y - 2889. Is y prime?
False
Let l be (162/(-15))/(-3*6/90). Suppose l*u - 50*u = 115604. Is u prime?
True
Let d = 86940 + -24319. Suppose 2*u = -21*r + 22*r + 25049, -2*r = -5*u + d. Is u composite?
True
Let y(q) = -28 + 15*q + 8*q - 2*q**3 + 17*q**2 + q**3. Let j be 2*((-120)/16)/(-1). Is y(j) prime?
False
Let a be (2 - 0)*(-3)/(-2). Suppose 0 = 7*i - 2*i - 5*q - 34025, -2*i = a*q - 13590. Is i a prime number?
False
Let h(l) = -219*l**3 + 22*l**2 - 2*l - 61. Is h(-10) composite?
False
Is 6/4*(-3357252)/(-54) a prime number?
True
Let r = -1557 + 4138. Suppose r = l + d, 0 = -l - 4*d + 6*d + 2575. Is l a prime number?
True
Let k = 65723 - -40982. Is k a composite number?
True
Suppose g - 118 = -4*p + 4*g, 4*p - 106 = -3*g. Suppose p*n - 32*n + 28 = 0. Suppose -n*i - 1986 = -9*i. Is i prime?
False
Let l = -118 - -197. Suppose -5*c + 2*j + 77 + l = 0, -j = -4*c + 123. Suppose 1227 = c*b - 27*b. Is b composite?
False
Suppose b - 101 - 2252 = 0. Suppose z = 4*s + b, 2*z - 3*z + 2358 = -5*s. Is z composite?
False
Suppose 22*j - 19*j = y - 167554, 3*y - 3*j - 502668 = 0. Is y a prime number?
False
Let k be (-18)/117 - 6450/(-13). Suppose 135 + k = d. Is d prime?
True
Suppose -3*t + 17 = x + 2*t, -3*x - t = -9. Suppose -x*h + h + 9 = 0. Is (957/h)/((-1)/(-3)) composite?
True
Let n = 14130 - -23053. Is (n + (-5 - -4))*(-1)/(-3) prime?
False
Let i(u) be the second derivative of 19/6*u**4 + 1/6*u**3 + 0 + 1/2*u**2 - 5*u. Is i(4) prime?
True
Let x(y) = 10*y - 6. Let o be x(2). Let j be 3/((30/35)/(8/o)). Suppose -9*d + 1397 = j*d. Is d a prime number?
True
Suppose -3*k + 781807 = 5*q, -72*k + 260629 = -71*k - 5*q. Is k a composite number?
False
Suppose 234*p = 229*p + 288790. Is p a composite number?
True
Let u(n) = -n**2 - 8*n - 4. Let w be u(-3). Suppose 5*i - 10122 = -2*h, 7*h - w*h + 20208 = i. Is h a composite number?
False
Let k = -63 - -55. Let r(g) = g**2 + 9*g + 12. Let l be r(k). Suppose -l*h + 2410 = 2*q, h + 2442 = 2*q - 3*h. Is q a composite number?
False
Let w be (3 - (-15)/(-3)) + 15493. Suppose -3*o + w - 2306 = 0. Suppose 6966 = 7*h - o. Is h composite?
True
Suppose -6*q + 40 = -566. Suppose -4*t = -2*u - 21 + q, 4*t - u + 82 = 0. Is 7/(t/6)*(-491)/2 prime?
True
Let o = -61149 + 138206. Is o a prime number?
False
Let r(x) = 8*x**3 + 19*x**2 + 59*x - 529. Is r(20) a prime number?
True
Let n(r) = 2*r. Let p be n(0). Let w be p/1*(-1)/3. Is (-258)/(-2 - w) - 2 a composite number?
False
Let q(w) = 1 - 1 - w**2 + 2 - 1. Let y(z) = 154*z**2 + 3. Let r(s) = -2*q(s) + y(s). Is r(1) composite?
False
Let k = -63 + 26. Let o = k - -23. Is (5 - o/(-4))*844/6 a composite number?
False
Suppose -3*d + 4*t - 17 = -32, 2*t = -5*d - 1. Let n(i) = 1 - 4 + 2*i + 2 + 2392*i**2. Is n(d) composite?
False
Let p(i) = -283*i - 8 - 5 + 1 - 7 - 973*i. Is p(-3) a prime number?
False
Suppose -3*o + 3*f = -214657 - 418787, o = -3*f + 211160. Is o composite?
False
Suppose 28 = 5*m + 9*m. Suppose -4*v + 21390 = -k, m*k + 8037 + 18702 = 5*v. Is v a composite number?
False
Let c be (-6 + 2)/4 + 2*357. Let n = c - 192. Is n prime?
True
Is (2/(-3) - (-14)/84)*(-3414 - 12) a composite number?
True
Suppose -226*g + 9589135 + 10430171 = 0. Is g a prime number?
False
Let p(t) = 101*t**2 + 10*t + 521. Is p(34) a prime number?
True
Is (0 - -2 - 1)/(109/8269285) prime?
False
Suppose -28*x + 1373382 + 47366 = 0. Is x a prime number?
True
Let l = -328863 - -577566. Is ((-2)/(-3))/(14/l) a composite number?
True
Suppose 2*z + 445930 = 2*a - 236774, 10 = 2*z. Is a a prime number?
True
Suppose -3*w - 2293748 = -42*t + 38*t, -2*t - 4*w + 1146874 = 0. Is t a composite number?
False
Let d(l) = 1306*l**2 + 2 + 983*l**2 + 1 - 5*l + 1381*l**2. Is d(-2) a prime number?
False
Suppose 0 = -91*c + 6514736 + 3709023. Is c composite?
False
Suppose 50*s - 43*s = 2520. Is (-80)/s + (-107374)/(-18) a composite number?
True
Let l(z) = 16*z**2 + 12*z + 1. Let u = -38 + 48. Suppose 5*y = -55 + u. Is l(y) a composite number?
True
Let h = 52 + -49. Suppose h*a + 11*a - 44562 = 0. Is a a composite number?
True
Let w(z) = z**2 + 9*z - 18. Let c be w(-11). Suppose -19958 = c*r - 38*r. Is r a composite number?
False
Suppose 0 = s - b + 3801, 2*s + 9*b = 8*b - 7605. Let t = s + 5337. Is t a composite number?
True
Let m(a) 